 t and 3.
3
Let v = -10 + 27. What is the greatest common divisor of 85 and v?
17
Suppose 0 = -c + 1, -5*h = 3*c - c - 52. Suppose 3*m = -8 - h. Let w be (20/(-8))/(1/m). What is the highest common divisor of 75 and w?
15
Let f = -38 - -3. Let v = f - -53. Calculate the highest common factor of 27 and v.
9
Let r = 431 + -207. Calculate the highest common factor of r and 280.
56
Suppose -5*m + 50 = -5*l, -5*l - 4*m + 2*m = 78. Let u be (-7)/l + (-38)/(-4). Let w be (-8)/(-20) + (-18)/(-5). What is the highest common factor of w and u?
2
Let f(i) = -8*i + 10 + 0 + 14 - 7. Let w be f(-8). What is the highest common factor of 9 and w?
9
Suppose -z = -3*w - 85, -5*z + 140 + 345 = -3*w. Calculate the greatest common factor of 60 and z.
20
Let n be -8 + -1*(-5 - 220). Calculate the greatest common factor of 341 and n.
31
Let m = -12780 + 12791. Suppose p + 28 = 4*p - 2*a, -4*a = 5*p - 10. Let v be 87/2 + 3/p. Calculate the greatest common factor of m and v.
11
Suppose 0 = -43*g + 14*g + 261. Calculate the highest common factor of g and 288.
9
Suppose 4*g + 1 - 25 = 0. Let m = 19 - 7. Suppose -x - m = -5*x. Calculate the highest common divisor of x and g.
3
Suppose 0 = 2*z - 4 - 0. Let r be (-960)/(-400) - 2/5. Suppose -r*y + 3*w + 36 = w, z*y - 37 = 3*w. What is the highest common divisor of y and 68?
17
Suppose 4*h - 4*s + 1 = s, -2 = 3*h - 4*s. Suppose 14 = 2*n - h. Let p be 632/7 - 12/42. What is the greatest common divisor of p and n?
10
Suppose -2*h = 2*k - 4*k + 6, 3*h + 5*k + 49 = 0. Let m(q) = -q**2 - 8*q + 1. Let p be m(h). What is the highest common factor of 10 and p?
1
Let o be (-1)/(-2) - (-117)/6. Suppose -o = 4*s, g - 3*s = -8*s - 22. Let x(a) = 4*a - 16. Let u be x(7). Calculate the highest common divisor of g and u.
3
Suppose -57 = -3*j - 3*d + 6*d, -4*d - 53 = -3*j. Suppose 5 = -4*a - j. Let y = a - -133. What is the highest common divisor of y and 14?
14
Suppose 5*o = 1267 - 507. Let w = 36 - 17. Calculate the greatest common divisor of o and w.
19
Let x(p) be the third derivative of p**5/60 + 5*p**4/12 + 10*p**3/3 - 27*p**2. Let r be x(-12). Calculate the highest common divisor of r and 33.
11
Let m be ((-72)/42)/((-4)/112). Calculate the highest common factor of m and 10.
2
Let p(s) = 16*s. Let k be p(5). Suppose -2*a + 3*a = -1. Let d(l) = -18*l**3 - 3*l**2 - 3*l - 2. Let x be d(a). What is the greatest common factor of x and k?
16
Let d = -317 - -372. What is the greatest common divisor of d and 5?
5
Suppose 87 = -12*a + 267. Calculate the greatest common factor of a and 175.
5
Let u be (-170)/14 - (-2)/14. Let s be u/(-4) + -1*(-8 + 3). Calculate the greatest common factor of 2 and s.
2
Let p(a) be the third derivative of a**6/40 - a**5/60 + a**4/24 - 5*a**3/6 + 8*a**2. Let s be p(4). Calculate the greatest common divisor of s and 25.
25
Let l = -1394 + 1436. What is the greatest common factor of l and 987?
21
Let j(c) be the first derivative of c**2 - 36*c + 17. Let i be j(19). What is the highest common factor of 1 and i?
1
Let k(w) = w**3 - 11*w**2 + 14*w - 4. Let l be k(10). What is the greatest common factor of l and 36?
36
Suppose -34 = -3*r + 5. Let y be 2 + -3 + (r - 3). Suppose 5*k = -4*v + y, k - 7 = -2*k - 2*v. What is the highest common divisor of k and 20?
5
Let x(i) = -i - 4. Let v be x(-6). Let l = v - -2. Suppose l*b = 2*b + 72. Calculate the highest common divisor of 12 and b.
12
Let m be (-2)/(-3) - 28/(-12). Let u(c) = c - 5*c - 3 + c. Let d be u(-2). What is the highest common factor of d and m?
3
Suppose 2*x - 220 = 7*x. Let j = x + 50. What is the highest common factor of j and 30?
6
Let s(x) = -x**3 + x + 140. Let j be s(0). Let w be j/18 - 38/(-171). Suppose -1 = -b + 4, k = -3*b + 23. Calculate the highest common factor of w and k.
8
Suppose a = -15*a + 416. Calculate the highest common factor of a and 416.
26
Let x be ((-1233)/(-21) - -1) + 10/35. What is the greatest common divisor of x and 60?
60
Suppose 0 = -14*u + 1743 - 567. Calculate the greatest common divisor of 84 and u.
84
Let t = -2260 + 2420. What is the highest common divisor of 100 and t?
20
Let q = -42 - -41. Suppose 5*o - 6*o + 2388 = 0. Let h be q/(-4) - o/(-48). Calculate the greatest common divisor of h and 10.
10
Suppose -110 = -9*q + 448. Calculate the greatest common factor of q and 217.
31
Let w be -6 + 2/1 - 6. Let m be (9 + w)/(1/(-11)). Calculate the highest common factor of 33 and m.
11
Let z be 13 - 0 - (10 + -6)/4. Let u be 1 + 6 + 1/(-1). Calculate the highest common divisor of u and z.
6
Let g be (-16)/1*243/(-36)*4. Calculate the greatest common factor of g and 84.
12
Let l(v) = -v**3 + 5*v**2 + 9*v - 8. Let m be l(6). Let z = -361 - -441. Calculate the highest common factor of m and z.
10
Let n(j) = j**3 - 2*j - 1. Let h be n(5). Suppose -18*s + 560 + 131 = 7. Calculate the highest common divisor of s and h.
38
Suppose -74*a + 76*a = 26. Let r be (26/(-4))/(8/(-16)). Calculate the highest common divisor of r and a.
13
Let k = -273 - -324. What is the greatest common divisor of k and 9?
3
Suppose -4*x = 5*g - 723, -10*g - x = -9*g - 144. Calculate the highest common divisor of 42 and g.
21
Let r be -3 + -2 + 1 + 3 - -6. What is the highest common divisor of r and 10?
5
Let h be 131*(-22)/(-8) - (-37)/(-148). Calculate the greatest common divisor of h and 90.
90
Let v = -71 - -78. Suppose 4*b + 3*d = v, 4 = -4*b - d + 9. What is the highest common factor of b and 11?
1
Suppose n - 62 = -3*k, -17*k + 14 = -16*k - 3*n. What is the highest common factor of k and 540?
20
Let v = -1137 + 1180. Calculate the greatest common factor of v and 215.
43
Let g be 82 - 80 - (-47 + -2). Suppose 73 = 5*n + 283. Let f = -8 - n. Calculate the greatest common factor of g and f.
17
Let b(z) = 2*z**2 - 46*z - 88. Let q be b(26). What is the greatest common factor of q and 4?
4
Let f = -8 - -63. Let s = 79 - f. Calculate the greatest common factor of 264 and s.
24
Suppose 174 = -16*g + 18*g. Calculate the greatest common factor of g and 58.
29
Let i be (11 - 12)/(2/(-46)). Let b be 5/(-3 - i/(-8)). Let s be b/6*18/(-4). Calculate the greatest common factor of 120 and s.
30
Let x = -1062 - -1110. Let j = 20 - 4. What is the greatest common factor of x and j?
16
Suppose 43 = 4*q - t, 3*q - 3*t - 56 = -7*t. Let n(y) = -5*y**2 + 12*y + 7. Let s be n(10). Let h = -253 - s. What is the highest common divisor of q and h?
12
Suppose 0 = -2*i - 4*v + 592, -5*v = 4*i - i - 890. Calculate the highest common divisor of 50 and i.
50
Let v = 1 + 0. Suppose 0*w + w = v. Suppose 2*k + 146 - 128 = 5*i, -3*k = 4*i - 19. What is the highest common divisor of w and k?
1
Let t(v) = v - 3. Let w(o) = -o**3 - 15*o**2 - o - 10. Let k be w(-15). Let d be t(k). Calculate the highest common divisor of d and 10.
2
Let u = 28 - -41. Suppose 0 = -5*c + u + 41. What is the greatest common factor of c and 66?
22
Suppose -3*b = -5*s - 11 - 5, 8 = -b - 5*s. Suppose 5*i = -b*o + 29 + 8, o + 2*i - 18 = 0. Calculate the highest common divisor of 2 and o.
2
Suppose -42 = 28*l - 154. Let p be (8 - 5) + (-6)/(-2). What is the greatest common factor of l and p?
2
Suppose i - 4*t - 59 = 0, -112 = -2*i + 5*t + 3. Calculate the greatest common factor of 5 and i.
5
Suppose -5*k - 5*o = -4*k + 18, -22 = -5*k + 3*o. Suppose -b = k*b - 120. Calculate the highest common factor of 16 and b.
8
Suppose -21 = -h - 4*j, 99 = 3*h - 10*j + 13*j. What is the highest common factor of h and 148?
37
Suppose -75*n - 144 = -77*n. What is the greatest common factor of 576 and n?
72
Suppose 0 = -b - 2 - 0. Let o be (3 - -1) + b + 1. Suppose 387 = o*v - 273. Calculate the highest common factor of 20 and v.
20
Let j = 5 - 12. Let f = j + -13. Let m = 40 + f. Calculate the greatest common divisor of m and 5.
5
Let z(p) = 2*p**2 + p - 11. Let c be z(6). Suppose -23 = -6*n + c. Calculate the greatest common factor of 60 and n.
15
Let f be 68/17 - 2*1. Calculate the greatest common divisor of 32 and f.
2
Let i = -142 + 211. Suppose w = -x - 3*w + i, -5*w + 129 = 2*x. What is the highest common factor of x and 19?
19
Let a be (-9)/(-3) - -4 - (3 - 1). Suppose 3*i + 0*h = -4*h + 254, 0 = -4*i + a*h + 380. What is the highest common divisor of i and 10?
10
Suppose 7 + 7 = -5*n + 2*k, -2*n - 4*k - 20 = 0. Let 